{"id":177,"date":"2019-08-14T20:12:05","date_gmt":"2019-08-14T18:12:05","guid":{"rendered":"http:\/\/yokuchi.com\/?post_type=product&#038;p=177"},"modified":"2026-03-07T11:25:45","modified_gmt":"2026-03-07T10:25:45","slug":"sosei-caps-nawoz-do-podloza-15-szt","status":"publish","type":"product","link":"https:\/\/yokuchi.com\/b2b\/produkt\/sosei-caps-nawoz-do-podloza-15-szt\/","title":{"rendered":"Sosei caps &#8211; naw\u00f3z do pod\u0142o\u017ca 15 szt."},"content":{"rendered":"","protected":false},"excerpt":{"rendered":"[su_custom_gallery source=\"media: 60964,60963,60965\" title=\"never\"]\n<p><b>Sosei caps<\/b> <span style=\"font-weight: 400;\">to naw\u00f3z do pod\u0142o\u017ca w postaci kapsu\u0142ek, w kt\u00f3rych po\u0142\u0105czono dwie funkcje. Pierwszym i zar\u00f3wno g\u0142\u00f3wnym zadaniem jest dostarczenie sk\u0142adnik\u00f3w od\u017cywczych w pobli\u017cu korzeni. Drug\u0105 funkcj\u0105 <\/span><b>Sosei caps<\/b><span style=\"font-weight: 400;\"> jest pozytywny wp\u0142yw na utrzymanie jonowymiennych w\u0142a\u015bciwo\u015bci pod\u0142o\u017ca. Kapsu\u0142ki zawieraj\u0105\u00a0 kompleks sk\u0142adnik\u00f3w mineralnych oraz substancje organiczne pe\u0142ni\u0105ce rol\u0119 biostymulator\u00f3w. Dzi\u0119ki regularnej aplikacji pod\u0142o\u017ce zachowuje swoj\u0105 \u017cyzno\u015b\u0107 i sprzyja utrzymaniu stabilnych aran\u017cacji ro\u015blinnych w d\u0142u\u017cszym okresie czasu.<\/span><\/p>\n<p>&nbsp;<\/p>\n<p><b>Dozowanie:\u00a0<\/b><\/p>\n<p><span style=\"font-weight: 400;\">Aplikowa\u0107 kapsu\u0142ki za pomoc\u0105 pincety lub aplikatora co 10-15cm w pobli\u017cu korzeni ro\u015blin nie p\u0142ycej ni\u017c 4cm. Aplikacj\u0119 powtarza\u0107 co 3-4 tygodnie.<\/span><\/p>\n<p>&nbsp;<\/p>\n","protected":false},"featured_media":6791,"template":"","meta":[],"product_brand":[],"product_cat":[86],"product_tag":[142,91,152,119,103,151,92],"class_list":{"0":"post-177","1":"product","2":"type-product","3":"status-publish","4":"has-post-thumbnail","6":"product_cat-nawozy-do-podloza","7":"product_tag-caps","8":"product_tag-dla-roslin","9":"product_tag-do-podloza","10":"product_tag-kapsulki","11":"product_tag-nawoz","12":"product_tag-sosei","13":"product_tag-yokuchi","15":"first","16":"instock","17":"taxable","18":"shipping-taxable","19":"product-type-simple"},"_links":{"self":[{"href":"https:\/\/yokuchi.com\/b2b\/wp-json\/wp\/v2\/product\/177","targetHints":{"allow":["GET"]}}],"collection":[{"href":"https:\/\/yokuchi.com\/b2b\/wp-json\/wp\/v2\/product"}],"about":[{"href":"https:\/\/yokuchi.com\/b2b\/wp-json\/wp\/v2\/types\/product"}],"wp:featuredmedia":[{"embeddable":true,"href":"https:\/\/yokuchi.com\/b2b\/wp-json\/wp\/v2\/media\/6791"}],"wp:attachment":[{"href":"https:\/\/yokuchi.com\/b2b\/wp-json\/wp\/v2\/media?parent=177"}],"wp:term":[{"taxonomy":"product_brand","embeddable":true,"href":"https:\/\/yokuchi.com\/b2b\/wp-json\/wp\/v2\/product_brand?post=177"},{"taxonomy":"product_cat","embeddable":true,"href":"https:\/\/yokuchi.com\/b2b\/wp-json\/wp\/v2\/product_cat?post=177"},{"taxonomy":"product_tag","embeddable":true,"href":"https:\/\/yokuchi.com\/b2b\/wp-json\/wp\/v2\/product_tag?post=177"}],"curies":[{"name":"wp","href":"https:\/\/api.w.org\/{rel}","templated":true}]}}