{"id":11796,"date":"2021-04-19T11:11:07","date_gmt":"2021-04-19T09:11:07","guid":{"rendered":"https:\/\/yokuchi.com\/?post_type=product&#038;p=11796"},"modified":"2026-03-07T11:26:01","modified_gmt":"2026-03-07T10:26:01","slug":"hohi-caps-kapsulki-nawozowe-do-terrarium","status":"publish","type":"product","link":"https:\/\/yokuchi.com\/b2b\/produkt\/hohi-caps-kapsulki-nawozowe-do-terrarium\/","title":{"rendered":"Hohi caps &#8211; kapsu\u0142ki nawozowe do terrarium"},"content":{"rendered":"","protected":false},"excerpt":{"rendered":"<p><strong>Kapsu\u0142ki nawozowe \u2013 Hohi caps<\/strong><br \/>\nKapsu\u0142ki nawozowe przeznaczone do nawo\u017cenia ro\u015blin tropikalnych w hobbystycznych uprawach. Zawieraj\u0105 kompleks sk\u0142adnik\u00f3w organiczno &#8211; mineralnych o d\u0142ugoterminowym uwalnianiu, kt\u00f3re s\u0105 niezb\u0119dne dla prawid\u0142owego wzrostu ro\u015blin. Dzi\u0119ki zawarto\u015bci mineralnej po\u017cywki wp\u0142ywa korzystnie na ryzosfer\u0119 &#8211; stref\u0119 przykorzeniow\u0105 ro\u015blin.<\/p>\n<p><strong>Stosowanie:<\/strong><br \/>\nAplikowa\u0107 w pobli\u017cu korzeni za pomoc\u0105 pincety co 10-15cm.<br \/>\n<strong>Aplikacj\u0119 powtarza\u0107:<\/strong> W o\u015bwietlonych aran\u017cacjach\/terrariach co 4 tygodnie, w aran\u017cacjach z naturalnym\/s\u0142onecznym o\u015bwietleniem w okresie wegetatywnym co 6-8 tygodni.<\/p>\n","protected":false},"featured_media":63426,"template":"","meta":[],"product_brand":[],"product_cat":[86],"product_tag":[142,141,103,143,139],"class_list":{"0":"post-11796","1":"product","2":"type-product","3":"status-publish","4":"has-post-thumbnail","6":"product_cat-nawozy-do-podloza","7":"product_tag-caps","8":"product_tag-hohi","9":"product_tag-nawoz","10":"product_tag-pod-korzenie","11":"product_tag-terrarium","13":"first","14":"instock","15":"taxable","16":"shipping-taxable","17":"product-type-simple"},"_links":{"self":[{"href":"https:\/\/yokuchi.com\/b2b\/wp-json\/wp\/v2\/product\/11796","targetHints":{"allow":["GET"]}}],"collection":[{"href":"https:\/\/yokuchi.com\/b2b\/wp-json\/wp\/v2\/product"}],"about":[{"href":"https:\/\/yokuchi.com\/b2b\/wp-json\/wp\/v2\/types\/product"}],"wp:featuredmedia":[{"embeddable":true,"href":"https:\/\/yokuchi.com\/b2b\/wp-json\/wp\/v2\/media\/63426"}],"wp:attachment":[{"href":"https:\/\/yokuchi.com\/b2b\/wp-json\/wp\/v2\/media?parent=11796"}],"wp:term":[{"taxonomy":"product_brand","embeddable":true,"href":"https:\/\/yokuchi.com\/b2b\/wp-json\/wp\/v2\/product_brand?post=11796"},{"taxonomy":"product_cat","embeddable":true,"href":"https:\/\/yokuchi.com\/b2b\/wp-json\/wp\/v2\/product_cat?post=11796"},{"taxonomy":"product_tag","embeddable":true,"href":"https:\/\/yokuchi.com\/b2b\/wp-json\/wp\/v2\/product_tag?post=11796"}],"curies":[{"name":"wp","href":"https:\/\/api.w.org\/{rel}","templated":true}]}}